Let f(y) = 19*y**2 + 2*y - 10. Is f(n) prime?
True
Suppose -3*j = 3*o - 33, -5*o = -j - 0*o - 19. Let y = -8336 + 13243. Suppose -y - 5347 = -j*l. Is l a composite number?
False
Suppose 6 = -51*s + 54*s. Suppose 2*r = -3*r + 4*c + 37, 2*c = -5*r + 19. Suppose -4*p + s*p = -5*q - 693, -r*p - q = -1692. Is p composite?
True
Suppose -15*b = 1082 - 362. Let t be (b/(-32))/(-1 - 11/(-8)). Is t + (231 - 0/(-6)) a composite number?
True
Is (6 + -7 + 44008)/(3/3) composite?
True
Suppose -219719 = -3*n - 3*z + 21022, 5*z = -20*n + 1605000. Is n composite?
False
Suppose -1 = 2*a + 3*a + 3*c, 3*c = -a - 5. Let x(l) = 3*l**3 + l**2 + l - 1. Let z be x(a). Is 62/z*(6 + -4) a prime number?
True
Let y = 134 + -138. Let p(q) = -5258*q - 3. Is p(y) composite?
True
Let y(p) = 3*p**3 - 45*p**2 - 20*p - 9. Let k = -258 - -277. Is y(k) a composite number?
False
Suppose -894444 = 38*m - 4815778. Is m prime?
False
Suppose -5*s - 6010 = -h - 0*h, 0 = 4*s - h + 4808. Let q be (s*(-3)/(-24))/(4/(-16)). Let x = -112 + q. Is x composite?
True
Suppose -17 = 15*b - 77. Is (3 - 2 - 2)/(b/(-12476)) a prime number?
True
Let l(w) be the second derivative of 107*w**4/12 + 13*w**3/6 + 13*w**2/2 + 2*w. Is l(-6) prime?
False
Let d(c) = -1063*c + 4. Suppose -5*j = -j + j. Suppose j = -77*f + 79*f + 2. Is d(f) a composite number?
True
Let k(p) = p - 3. Let m be k(7). Suppose -m*t + 7728 = -2*t + 5*v, -3*t + 11573 = -2*v. Is t composite?
True
Suppose -14*i = -3721094 - 7503980. Is i a composite number?
False
Let h(q) = 2599*q**2 + 8*q - 159. Is h(8) prime?
False
Suppose 2*r + 13696 = -o + 89335, 0 = -r - 3*o + 37832. Is r a composite number?
True
Let b(m) = m**3 - 15*m**2 - 60*m + 1. Let o be b(31). Suppose 336*q - 343*q = -o. Is q prime?
True
Let p = 21321 - -46174. Is p a prime number?
False
Suppose 4*h + 3*d - 4833789 = 0, 14*h + 9667598 = 22*h + 2*d. Is h a composite number?
True
Let v be 11845 - (-3)/(-1) - 2. Suppose -4*w = -f - 0*f - 16, -4*f = -7*w + 37. Suppose -4*o + v = w*k, 4*o + 3*k - 11868 = 7*k. Is o prime?
True
Suppose -5*a = -h - 1166040, -136*h - 699612 = -3*a - 133*h. Is a composite?
True
Let b be 10/4 + -3 - (-150)/20. Suppose -b*p + 4*p + 15177 = 0. Is p composite?
False
Let y = 145 + 113. Let b = y + -793. Let v = 826 + b. Is v a prime number?
False
Let t(j) = 51*j**3 + 12*j**2 + 40*j - 507. Is t(10) a prime number?
False
Let j = 1 + 20. Let z be (-2 - (-2 - j/6))*88. Let g = 791 + z. Is g composite?
True
Suppose -7446 = -21*a + 4*a. Suppose -a = -19*h + 16*h. Suppose -409 + h = -j. Is j a prime number?
True
Is 706317/(-4)*(10 + -2)*14/(-84) composite?
False
Let z(i) = -i**3 - 4*i**2 - 2*i - 5. Let x(y) = 2*y - 10. Let f be x(3). Let b be z(f). Suppose 8 = -2*h, -b*u + h + 332 = u. Is u prime?
False
Suppose -f - 4*c - 3 = 1, 0 = -2*f + 5*c + 5. Suppose f = 13*r - r - 2076. Let s = 44 + r. Is s prime?
False
Let n = 76650 + 3317. Is n a prime number?
True
Suppose -4*b - 6*l + 82288 = 0, -b - 3930 = 5*l - 24509. Is b prime?
False
Let k = 1957859 + -1183989. Suppose -4*w + k = 34*w. Is w composite?
True
Suppose 2*g - 2*t - 37913 = 190669, -3*t = -12. Is g a composite number?
True
Suppose 40*f - 52376 = 1504. Suppose 0 = -2*y + 3*m + f, -3287 = -4*y + 2*m - 605. Is y prime?
False
Let p = 19 + 30. Let s be 12/28 + 55447/p. Let m = s - 587. Is m a composite number?
True
Let g be ((-68)/(-18) - 4) + (-290)/(-9). Let x be (-16)/g - (-1062)/4. Let r = -62 + x. Is r composite?
True
Suppose -4*b = 5*t - 25, 2*t - 2*b + 0 + 8 = 0. Is t + 5437 + (-3 - (-2 + 2)) prime?
False
Suppose 2*l + 113592 = a + 3*a, 4*a = -5*l + 113578. Let d = a + 39104. Is d a prime number?
False
Let z(p) = 28*p + 3. Let r be z(3). Suppose 5*o + 18*q - 21*q - 254 = 0, 83 = 2*o + 5*q. Let w = r - o. Is w composite?
True
Let x be -3*(-5)/((-90)/48). Is -4 - (188/x)/(2/36) a prime number?
True
Suppose -3*c = 3*y - 645531, -3*c = -75*y + 77*y - 645533. Is c a prime number?
True
Let z(x) = 15858*x + 93. Let f be z(7). Suppose 26*b - 23*b = f. Is b composite?
True
Let c(z) = -2532*z - 751. Is c(-22) a prime number?
False
Is (87471 - -2)/((-40 + 16)/(-24)) a composite number?
False
Let w = 9372 + 10742. Suppose 2*f - 3*x = w, -3*f + 5*x - 4964 = -35133. Is f prime?
False
Let n(w) = 2*w**2 - 21*w + 30. Let z be n(13). Let t be 9/5 - (-19)/z. Suppose -465 = -t*o + 1933. Is o prime?
False
Let w(n) = -n**3 + 18*n**2 - 4*n - 22. Let z(t) = 64*t - 2. Let a be z(1). Suppose 2*q = 4*u - 2*q - 44, -5*u = 2*q - a. Is w(u) a prime number?
False
Let z(q) = 40*q**2 - 11*q + 929. Is z(33) a composite number?
True
Let t(m) = -10964*m + 707. Is t(-13) composite?
False
Let v = -30 - -35. Let j(l) = 114*l**3 - 11*l**2 - 2*l - 2. Is j(v) a composite number?
False
Let k(c) = 8*c**2 - 36*c + 27. Suppose 0 = 2*o - 2, 5*f - 5*o = 90 + 60. Is k(f) prime?
True
Let r(i) = -34711*i**3 - 19*i**2 - 10*i + 5. Is r(-2) a composite number?
False
Let n be 3 + (2803 - 12/4). Let r = -1394 + n. Is r a prime number?
True
Let g = -58 + 61. Let j(w) = -1 + 3 + 412*w + g - 2. Is j(4) a composite number?
True
Suppose -4920016 = -20*d - 1848716. Is d composite?
True
Suppose -31 = -5*t + 39. Suppose t*d + 5271 = 17*d. Is d prime?
False
Suppose -7*h - 15354 = 12023. Let f = -2368 - h. Is f a composite number?
False
Suppose 4*t - x - 223128 = 1733498, 2*t + 2*x - 978318 = 0. Is t a prime number?
True
Is (32/56)/(2 - (-11237796)/(-5618907)) composite?
True
Let g be (-1*(-15)/(-9))/((-2)/6). Let v(y) = -19*y**3 + 5*y + 2. Let w(o) = -20*o**3 - o**2 + 6*o + 1. Let x(s) = g*w(s) - 6*v(s). Is x(4) a composite number?
False
Let x = -42 - -34. Let h be 1 + 152 + x/20*-5. Is (h - -9)*((-3)/(-2) - 1) a composite number?
True
Suppose l = 25 - 23. Suppose -l*k = 3*g - g + 292, -3*k - 463 = -2*g. Let q = 27 - k. Is q a composite number?
True
Suppose 3*s + 4251 = -2391. Let y be 361362/90 + 2/(-15). Let m = s + y. Is m prime?
True
Let s = 1448406 + -870197. Is s a prime number?
True
Let u be (3 + -1)/2 + -779 + -29. Let m = u + 1676. Is m composite?
True
Let b(h) = 8630*h**2 - 145*h + 40. Is b(5) a prime number?
False
Let q(d) = -d + 31. Let u(f) = f**2 + 20*f. Let x be u(-21). Suppose -3*o = -3 + x. Is q(o) composite?
False
Let r be 14/(-175) + (-6)/(-75). Suppose 5*c - 11*c + 80646 = r. Is c prime?
True
Suppose -8*x + 3*x - a + 132590 = 0, 3*x + 5*a = 79532. Suppose 0 = -10*u + 71829 - x. Is u a composite number?
True
Suppose 2*h - 129489 + 13199 = 4*a, -2*h - 3*a = -116297. Is h a composite number?
False
Let j(h) = 643*h**2 + 35*h - 209. Is j(5) a composite number?
True
Let c be 3*37547*((-68)/12 - -6). Suppose c + 51171 = 14*t. Is t a prime number?
True
Suppose 16*y = 66808 + 733848. Is y a composite number?
True
Let d(m) = 9630*m + 5. Let c be d(3). Suppose -3*a + 8*a - 4*z - c = 0, a + 4*z - 5779 = 0. Is a a prime number?
True
Suppose 8*t - 13*t - 19657225 = -30*t. Is t prime?
False
Let d(f) = -4*f**3 + 2*f**2 - 1. Let l be d(-1). Let n be (-3 - (-16 + 6)) + -7. Suppose -3*z + 7*z = -3*g + 1621, n = -l*g + 3*z + 2750. Is g composite?
False
Let q(k) = -8*k - 70. Let b be q(-8). Is (21/b*-2)/(2/4666) prime?
False
Let x(b) = b**2 + b - 11. Let v be x(-5). Let y be (v/(-6))/(5/(-10)). Suppose -2*c = -3*a + 1451, 0 = a - y*c + 4*c - 477. Is a a composite number?
True
Is -3187*(-3)/(30/670) a composite number?
True
Suppose -41*r + 6744638 = -73*r + 59282142. Is r composite?
False
Let i be 3 - -12*7/(-14). Is 0/i + 2034 + (-1 - 6) a composite number?
False
Suppose -3*g + 3 = 0, 4*v + 189 = 6*v - 5*g. Suppose 93*m + 156 = v*m. Is m composite?
True
Let l(g) = 285*g**2 - 93*g + 1067. Is l(48) a composite number?
False
Suppose -4*j - 84 = 5*t, -j + t + 36 = -3*j. Let h(s) = 34*s - 15*s + 3*s**2 - s**2 - 5. Is h(j) prime?
False
Is (-5 + 7/(42/34))/((-2)/(-4007703)) a prime number?
False
Is 172642 + -1 - (22 - 32) composite?
True
Let y be 5/15*(1 - 31). Let i(o) = -o**3 - 10*o**2 + 2*o + 23. Let m be i(y). Is 1/m*(-6 + (3 - -5472)) a composite number?
False
Is (4 + -11)/((-119)/761549) a prime number?
True
Let g = 311305 - 201088. Is g a prime number?
False
Suppose -11 = -g + 1. Let r(k) = -k**3 + 12*k**2 - k + 14. Let s be r(g). Suppose u + 918 + 54 = s*l, 984 = 2*l + 5*u. Is l prime?
True
Is 2127506/1 - (-5)/(1 + -6) prime?
False
Let d(r) = -286*r - 23. Suppose 3*